d**2 + 38*d + 1497. What is r(-47)?
-289
Let d(x) = 2*x**3 + 14*x**2 - x + 14. Determine d(7).
1379
Let r(h) = 3*h**2 + 3300*h - 5. What is r(0)?
-5
Let q(c) = -12616*c + 15177043. What is q(1203)?
-5
Let l(f) = -96*f**2 + 364*f + 1470. Calculate l(-4).
-1522
Let m(t) = -11*t**3 - 418*t**2 - 2679*t + 1722. Give m(-9).
-6
Let z(d) = 1477*d - 16163. Calculate z(11).
84
Let c(d) = d**3 + 39*d**2 + 1704*d + 18958. Determine c(-14).
2
Let y(p) = 160*p - 16225. Calculate y(101).
-65
Let s(z) = 8*z**2 - 127*z - 2393. Calculate s(-11).
-28
Let a(w) = 71936*w - 9. Give a(0).
-9
Let n(g) = -108*g**2 + 5276*g + 843. What is n(49)?
59
Let y(o) = o**2 + 3719*o - 829236. Determine y(211).
-6
Let k(w) = -31*w**2 - 4054*w + 26466. Calculate k(-137).
25
Let f(y) = y**3 + 2*y**2 - 291*y - 2045. Calculate f(-12).
7
Let s(q) = 48*q - 773. What is s(5)?
-533
Let i(g) = g**2 - 156*g + 753. Give i(5).
-2
Let x(a) = 4321*a - 2112977. What is x(489)?
-8
Let r(d) = -545*d + 22434. Calculate r(41).
89
Let p(l) = 5727*l - 2592. Give p(1).
3135
Let o(n) = 47*n + 520. What is o(-10)?
50
Let z(k) = 21*k - 1398. What is z(24)?
-894
Let s(f) = -f**2 - 186*f + 6169. Determine s(28).
177
Let d(l) = -398*l + 10381. Calculate d(24).
829
Let d(j) = j**2 + 889*j - 15420. Determine d(17).
-18
Let n(g) = -g**3 - 483*g**2 - 1461*g - 10068. Determine n(-480).
12
Let q(u) = -1465*u - 64601. What is q(-40)?
-6001
Let q(y) = 13*y**2 - 1722*y - 10338. Determine q(-6).
462
Let a(v) = -v**2 - 1066*v - 242888. Calculate a(-330).
-8
Let x(n) = n**3 + 20*n**2 + 12975*n + 286409. Give x(-22).
-9
Let h(n) = 89969*n + 719759. Calculate h(-8).
7
Let k(p) = -25*p + 2789. Determine k(38).
1839
Let w(m) = -9*m**2 - 35*m + 42. Give w(8).
-814
Let r(i) = 4*i**3 + 2*i**2 + 114*i - 326. Give r(3).
142
Let z(p) = -1165*p - 35991. Determine z(-31).
124
Let q(n) = -37684*n - 5275769. What is q(-140)?
-9
Let m(t) = -592357*t - 592366. What is m(-1)?
-9
Let c(y) = 10*y**2 + 42244*y + 126748. Calculate c(-3).
106
Let f(k) = -k**3 + 19*k**2 - 441*k + 2781. Determine f(8).
-43
Let g(u) = -u**2 - 3851*u - 126935. Determine g(-33).
-941
Let m(s) = -s**3 + 87*s**2 - 648*s - 3018. Give m(12).
6
Let a(i) = 6*i**3 + 75*i**2 + 171*i + 1632. What is a(-12)?
12
Let g(a) = 2*a**3 + 10*a**2 + 17*a + 4. Give g(-2).
-6
Let v(l) = -l**2 + 4974*l - 2367062. Give v(533).
-9
Let m(y) = 5162*y - 1089178. Calculate m(211).
4
Let w(p) = 18*p**2 + 24*p + 82. Give w(9).
1756
Let z(k) = -52*k**2 - k - 7. What is z(3)?
-478
Let w(u) = -6557*u + 652. What is w(0)?
652
Let p(t) = t**2 - 10502*t - 52580. What is p(-5)?
-45
Let n(s) = 4*s**3 - 236*s**2 + 2*s - 114. What is n(59)?
4
Let c(w) = 1760*w + 507312. Give c(-288).
432
Let j(o) = -2*o**2 - 1546*o - 60026. Give j(-41).
-2
Let f(n) = -11221*n + 246883. What is f(22)?
21
Let m(a) = 2*a**2 + 3706*a - 353684. Give m(91).
124
Let d(t) = -t**2 + 349*t - 16506. Calculate d(58).
372
Let u(a) = 34988*a - 209956. What is u(6)?
-28
Let j(g) = g**3 - 8*g**2 - 10617*g + 63765. What is j(6)?
-9
Let l(z) = -36167*z + 72320. Determine l(2).
-14
Let q(y) = -y**2 - 3170*y + 38212. Calculate q(12).
28
Let d(h) = 14*h**3 + 149*h**2 - 110*h - 149. Determine d(-11).
456
Let w(y) = -12256*y - 1262463. Determine w(-103).
-95
Let s(f) = -9*f**2 + 112*f + 637. What is s(-7)?
-588
Let c(r) = 2*r**3 - 14*r**2 + 208*r - 1179. Calculate c(6).
-3
Let b(r) = -12*r**2 - 21428*r - 85727. Calculate b(-4).
-207
Let o(w) = 2017*w**2 + 72614*w + 61. Determine o(-36).
-11
Let z(g) = 44764*g + 134297. Determine z(-3).
5
Let i(a) = 1937*a + 129798. Calculate i(-67).
19
Let h(i) = i**2 - 324*i - 2830. Determine h(-9).
167
Let q(z) = 2*z**2 - 74*z - 129876. Calculate q(-237).
0
Let d(g) = g**3 + g**2 + 196*g + 585. Give d(-3).
-21
Let n(t) = 3*t**3 - 755*t**2 + 2236*t + 10. What is n(3)?
4
Let l(v) = 3082*v + 191080. What is l(-62)?
-4
Let o(b) = -1093773*b + 5468878. What is o(5)?
13
Let z(v) = 2*v**3 + 4*v**2 - 82*v + 115. What is z(-8)?
3
Let a(y) = -y**2 + 592*y - 38360. What is a(74)?
-28
Let q(r) = r**2 - 297373*r - 892123. Determine q(-3).
5
Let p(d) = -1483*d + 197237. Calculate p(133).
-2
Let v(u) = -6*u**3 + 199*u**2 - 27*u + 120. Give v(33).
318
Let b(y) = -126*y + 2970. Determine b(26).
-306
Let x(h) = 2*h**3 + 172*h**2 - 204*h - 2582. Calculate x(-87).
28
Let n(k) = 937*k + 3057. What is n(0)?
3057
Let n(m) = m**3 + 25*m**2 - 663*m - 265. Give n(-41).
22
Let u(z) = -648*z**2 + 1358*z - 1357. Give u(1).
-647
Let s(u) = -u**2 - 2221*u - 41608. Determine s(-19).
230
Let l(m) = 8145*m - 1026270. Determine l(126).
0
Let a(g) = -2*g**2 - 11412*g - 159326. What is a(-14)?
50
Let j(h) = 5185*h - 155552. Determine j(30).
-2
Let a(k) = -3*k**2 - 3088*k - 51612. What is a(-17)?
17
Let r(y) = y**2 - 5613*y - 340377. Give r(-60).
3
Let z(k) = -k**2 - 27648*k - 414388. Calculate z(-15).
107
Let c(u) = -7*u**2 + 140*u + 2278. What is c(-16)?
-1754
Let u(c) = -c**3 + 21*c**2 + 197*c + 241. Determine u(28).
269
Let i(m) = 13*m**2 + 463*m + 262. Give i(-35).
-18
Let u(i) = -883*i**2 + 39736*i - 43. Give u(45).
2
Let x(n) = -1280*n + 346879. Calculate x(271).
-1
Let f(r) = 3*r**3 + 42*r**2 + 1242*r + 17372. Determine f(-14).
-16
Let c(o) = -2189*o**2 + 107268*o - 13. Give c(49).
330
Let t(x) = -6447*x - 12905. What is t(-2)?
-11
Let r(m) = -13627*m + 231629. Give r(17).
-30
Let s(l) = -1927*l + 647472. Calculate s(336).
0
Let s(v) = -6*v**2 - 91*v - 329. What is s(-8)?
15
Let g(o) = o**3 + 17*o**2 + 23*o + 403. Give g(-17).
12
Let s(m) = 7*m**2 - 466*m - 60. Determine s(0).
-60
Let q(d) = 4*d**3 + 19*d**2 - 2169*d - 10826. Determine q(-5).
-6
Let l(m) = -2*m**2 + 1203*m - 180270. What is l(285)?
135
Let j(k) = 52*k**3 - 34*k**2 + 40*k - 3. Give j(1).
55
Let f(q) = -21*q**2 - 2029*q + 37. What is f(0)?
37
Let m(o) = 376*o - 1331. Give m(-1).
-1707
Let v(c) = c**3 - 10*c**2 - 33*c + 33. What is v(13)?
111
Let u(w) = -17*w**3 - 91*w**2 + 314*w - 362. What is u(-8)?
6
Let o(j) = j**3 - j**2 - 140*j + 663. Calculate o(5).
63
Let p(l) = 630*l + 3160. Calculate p(-5).
10
Let v(x) = 81*x**2 - 637*x - 71. Determine v(8).
17
Let c(i) = 10457*i - 10478. Give c(1).
-21
Let t(q) = -1374*q - 11044. What is t(-8)?
-52
Let m(p) = -p**3 + 144*p**2 - 564*p - 359. Determine m(140).
-919
Let k(w) = 58246*w - 15376948. Give k(264).
-4
Let n(w) = 2144218*w - 62182331. Calculate n(29).
-9
Let o(s) = -5991*s + 533257. Determine o(89).
58
Let i(f) = -1065*f**2 + 10647*f + 17. Give i(10).
-13
Let l(b) = 2*b**3 - 2*b**2 - 1604*b + 9456. Give l(6).
192
Let d(h) = -h**3 - 152*h**2 + 793*h + 1254. What is d(-157)?
-2
Let t(b) = 3175480*b - 31754803. Determine t(10).
-3
Let y(x) = -x**3 - 838*x**2 - 20290*x + 28448. Calculate y(-813).
-7
Let h(m) = -4*m**2 - 957*m - 305. Determine h(-239).
-66
Let k(j) = 11*j**2 - 3805*j + 7594. Calculate k(2).
28
Let a(l) = 3*l**2 + 1166*l + 25370. Determine a(-23).
139
Let t(n) = -4*n**2 - 9445*n - 18877. Calculate t(-2).
-3
Let f(a) = -2*a**2 + 18675*a - 316895. What is f(17)?
2
Let m(v) = -1055*v + 114954. What is m(108)?
1014
Let u(c) = -3*c**3 - 24*c**2 + 113*c + 768. Calculate u(-9).
-6
Let d(o) = -265*o - 132498. What is d(-500)?
2
Let s(l) = -l**3 - 24*l**2 + 159*l - 824. Determine s(-30).
-194
Let j(o) = 18*o**3 - 14*o**2 - 94*o - 78. Calculate j(-1).
-16
Let f(c) = -2*c**2 - 4573*c - 267173. What is f(-60)?
7
Let p(j) = -19*j**3 - 2630*j**2 - 1097*j + 873. Give p(-138).
-93
Let v(r) = 5*r - 749. Determine v(-268).
-2089
Let d(t) = -498*t - 4197. Calculate d(-8).
-213
Let f(k) = k**3 + 7*k**2 - 3263983*k - 19583937. Give f(-6).
-3
Let y(z) = -3*z**2 + 400*z - 6642. Calculate y(114).
-30
Let t(x) = -x**2 + 6864*x - 34293. What is t(5)?
2
Let k(a) = -61*a**2 - 95*a - 394. What is k(-4)?
-990
Let r(b) = b**3 + 654*b**2 - 1970*b + 587. What is r(-657)?
-70
Let v(j) = -j**3 - 33*j**2 - 13*j - 222. Calculate v(-33).
207
Let c(l) = l**3 + 36*l**2 + 190*l - 111. What is c(-29)?
266
Let s(x) = 3*x**2 + 1806*x + 26197. Calculate s(-587).
-218
Let h(n) = -579*n - 12798. What is h(-22)?
-60
Let j(r) = 3*r**2 - 3359*r - 27065. Calculate j(-8).
-1
Let z(d) = -d**3 + 154*d**2 - 283*d - 3181. What is z(152)?
11
Let f(q) = -80245*q + 3530776. Calculate f(44).
-4
Let v(q) = -32*q**3 - 15*q**2 + 49*q - 36. Give v(1).
-34
Let w(c) = 